te number?
False
Is 33540691 a composite number?
False
Is 2433791 a prime number?
False
Is 12199711 a prime number?
False
Is 109414507 prime?
True
Is 4849219 a prime number?
True
Is 36068999 a composite number?
False
Is 319613 a composite number?
True
Is 1526977 a prime number?
True
Is 4483571 a composite number?
False
Is 11233081 a prime number?
True
Is 1963639 prime?
True
Is 22292587 a composite number?
True
Is 28699067 a composite number?
True
Is 23234615 composite?
True
Is 152677249 composite?
True
Is 39908879 a prime number?
True
Is 2206883 a prime number?
False
Is 1433357 prime?
True
Is 24866 a composite number?
True
Is 1696538047 composite?
False
Is 398985683 a prime number?
False
Is 294179081 a composite number?
True
Is 26166967 composite?
False
Is 35474003 prime?
True
Is 563420269 prime?
True
Is 25783451 a prime number?
True
Is 49547993 a composite number?
True
Is 453536689 composite?
True
Is 144559 a prime number?
False
Is 6875441 composite?
False
Is 9371489 composite?
False
Is 159377117 composite?
False
Is 90368809 prime?
True
Is 65616389 prime?
False
Is 18909901 composite?
False
Is 3169999 a composite number?
True
Is 1354181 a prime number?
True
Is 5974627 composite?
False
Is 7057931 prime?
True
Is 20028777 prime?
False
Is 307302583 a composite number?
True
Is 7054431 a prime number?
False
Is 79477511 prime?
True
Is 1256971 composite?
True
Is 85382057 a prime number?
False
Is 4995551 a composite number?
True
Is 1338919 composite?
True
Is 12731489 a prime number?
False
Is 23882137 a prime number?
False
Is 477275339 prime?
True
Is 21971749 a composite number?
False
Is 16358191 prime?
False
Is 31186949 a prime number?
False
Is 54413603 a composite number?
True
Is 2037563 composite?
True
Is 1150073 prime?
True
Is 7523419 composite?
False
Is 44963549 composite?
False
Is 705696421 prime?
True
Is 36242879 a prime number?
False
Is 32284643 a prime number?
False
Is 7082311 a composite number?
False
Is 36125539 prime?
True
Is 12951383 composite?
False
Is 43009429 composite?
True
Is 692782 a prime number?
False
Is 69049517 a composite number?
False
Is 107342993 composite?
True
Is 8859059 prime?
False
Is 1146555767 a composite number?
True
Is 20983565 a composite number?
True
Is 9506033 prime?
False
Is 1869685 prime?
False
Is 776567413 a composite number?
False
Is 3183819 composite?
True
Is 259512899 a prime number?
True
Is 460245769 a prime number?
True
Is 3953561 a prime number?
False
Is 45469771 a composite number?
False
Is 1597054 prime?
False
Is 83222695 composite?
True
Is 1355175391 prime?
False
Is 54742141 composite?
False
Is 17641409 a composite number?
False
Is 5993635 composite?
True
Is 263723 prime?
True
Is 14332939 a composite number?
False
Is 122053159 composite?
False
Is 274993162 a prime number?
False
Is 8948839 a prime number?
False
Is 7947991 a prime number?
False
Is 19828673 a prime number?
False
Is 52023 a prime number?
False
Is 4135249 prime?
True
Is 15011123 composite?
False
Is 8197043 composite?
True
Is 43176167 a composite number?
False
Is 10799059 prime?
True
Is 168251 a prime number?
False
Is 177375283 composite?
False
Is 862157 composite?
False
Is 204626527 a prime number?
False
Is 34888283 composite?
True
Is 237826493 prime?
False
Is 156196277 a prime number?
False
Is 3122219 prime?
True
Is 177712673 a prime number?
False
Is 599873333 composite?
False
Is 7426817 prime?
True
Is 3373653 a composite number?
True
Is 2724763 prime?
False
Is 1272595 a prime number?
False
Is 1015147 prime?
False
Is 19703049 prime?
False
Is 19244359 composite?
True
Is 4256195 composite?
True
Is 5050397 composite?
True
Is 58923727 a composite number?
False
Is 60834953 prime?
False
Is 5167117 a prime number?
False
Is 1089437 prime?
False
Is 148413533 prime?
False
Is 693731927 composite?
True
Is 209074669 prime?
False
Is 81119639 prime?
False
Is 23297041 prime?
True
Is 6784397 composite?
True
Is 2644429 prime?
True
Is 127503089 prime?
False
Is 1158953 composite?
False
Is 411980251 composite?
False
Is 29579911 prime?
False
Is 773394919 prime?
False
Is 8364547 prime?
False
Is 4161403 composite?
True
Is 167715329 prime?
True
Is 6393295 composite?
True
Is 9583667 a prime number?
False
Is 3570839 a prime number?
True
Is 204839663 composite?
True
Is 132946707 a composite number?
True
Is 58931701 a composite number?
True
Is 102242183 prime?
False
Is 1239841 a composite number?
True
Is 25606247 a composite number?
True
Is 10813259 a composite number?
True
Is 163412231 prime?
True
Is 141144587 a composite number?
False
Is 1111151 a prime number?
True
Is 172793351 a prime number?
False
Is 37132581 a composite number?
True
Is 716119 composite?
True
Is 1196267 composite?
False
Is 5627327 a prime number?
True
Is 86881 composite?
True
Is 58610743 prime?
False
Is 57610349 a prime number?
True
Is 6062963 composite?
True
Is 59862047 composite?
True
Is 1253947 composite?
False
Is 4322173 composite?
False
Is 25249027 prime?
True
Is 207053255 prime?
False
Is 21785437 prime?
True
Is 35657209 a composite number?
True
Is 578131 prime?
True
Is 106507 prime?
False
Is 61811273 a prime number?
True
Is 53307651 a prime number?
False
Is 4116757 a prime number?
True
Is 3121291 a composite number?
False
Is 1054023 a composite number?
True
Is 4445929 a prime number?
False
Is 2333681 composite?
True
Is 166572631 composite?
True
Is 2361781 prime?
True
Is 257527537 prime?
True
Is 3545063 a prime number?
True
Is 967537 a composite number?
True
Is 55730215 prime?
False
Is 74253667 a composite number?
False
Is 428410921 composite?
False
Is 149782409 a composite number?
True
Is 31108327 prime?
True
Is 427855 a prime number?
False
Is 593489857 a prime number?
False
Is 17103391 a prime number?
False
Is 237733 prime?
True
Is 325262549 composite?
True
Is 34516085 composite?
True
Is 154437359 composite?
False
Is 12916601 prime?
False
Is 220982701 prime?
True
Is 1262543 composite?
False
Is 71647 prime?
True
Is 60955577 a composite number?
False
Is 10743241 a composite number?
False
Is 228672427 a composite number?
True
Is 76660319 composite?
True
Is 5066183 a composite number?
False
Is 658493 a composite number?
True
Is 8344771 a prime number?
False
Is 64550953 composite?
False
Is 178785521 a prime number?
False
Is 11659099 composite?
True
Is 5912183 a composite number?
False
Is 214782547 a prime number?
False
Is 116463 composite?
True
Is 3683959 prime?
True
Is 75719894 a prime number?
False
Is 27482281 prime?
True
Is 38235409 a composite number?
True
Is 41164553 a composite number?
False
Is 227919299 a composite number?
True
Is 500039 a composite number?
True
Is 171278 prime?
False
Is 81426351 a prime number?
False
Is 9095543 a prime number?
True
Is 187221271 prime?
True
Is 592118947 composite?
True
Is 1372283 a prime number?
False
Is 55426447 a prime number?
True
Is 166173341 a prime number?
False
Is 2033051 prime?
True
Is 73007009 a composite number?
False
Is 2076817 a composite number?
True
Is 76070809 prime?
False
Is 2415379 composite?
False
Is 6958891 composite?
False
Is 124056694 a composite number?
True
Is 14922337 a composite number?
False
Is 12643349 composite?
False
Is 22971037 composite?
False
Is 62125341 composite?
True
Is 44189713 composite?
False
Is 3639473 a prime number?
True
Is 44901379 a prime number?
True
Is 787513 a composite number?
False
Is 1459 a composite number?
False
Is 14874733 prime?
True
Is 32946997 a composite number?
False
Is 9676949 composite?
False
Is 888457 composite?
False
Is 494851339 a prime number?
False
Is 38695907 a composite number?
True
Is 6397529 a prime number?
True
Is 14611193 a composite number?
False
Is 23954363 a prime number?
True
Is 371764639 a composite number?
False
Is 39354701 a prime number?
True
Is 3279607 composite?
False
Is 48451951 prime?
True
Is 1003829 a prime number?
False
Is 97962289 prime?
True
Is 647921 a prime number?
False
Is 33421181 composite?
False
Is 85646513 a composite number?
False
Is 3683843 a composite number?
True
Is 1291587647 a composite number?
True
Is 258866889 a prime number?
False
Is 872792831 prime?
True
Is 3856213 prime?
True
Is 359259983 a prime number?
False
Is 1246983289 a composite number?
True
Is 1903840063 composite?
False
Is 75283045 a composite number?
True
Is 17754063 a prime number?
False
I